-- --------------------------------------------------------
-- Host:                         127.0.0.1
-- Versión del servidor:         8.0.30 - MySQL Community Server - GPL
-- SO del servidor:              Win64
-- HeidiSQL Versión:             12.1.0.6537
-- --------------------------------------------------------

/*!40101 SET @OLD_CHARACTER_SET_CLIENT=@@CHARACTER_SET_CLIENT */;
/*!40101 SET NAMES utf8 */;
/*!50503 SET NAMES utf8mb4 */;
/*!40103 SET @OLD_TIME_ZONE=@@TIME_ZONE */;
/*!40103 SET TIME_ZONE='+00:00' */;
/*!40014 SET @OLD_FOREIGN_KEY_CHECKS=@@FOREIGN_KEY_CHECKS, FOREIGN_KEY_CHECKS=0 */;
/*!40101 SET @OLD_SQL_MODE=@@SQL_MODE, SQL_MODE='NO_AUTO_VALUE_ON_ZERO' */;
/*!40111 SET @OLD_SQL_NOTES=@@SQL_NOTES, SQL_NOTES=0 */;

-- Volcando datos para la tabla congreso.congresos: ~4 rows (aproximadamente)
INSERT INTO `congresos` (`id`, `nombre`, `slug`, `descripcion_corta`, `hero_titulo`, `hero_subtitulo`, `hero_imagen_path`, `hero_imagen_mobile_path`, `hero_mostrar_texto`, `hero_aplicar_overlay`, `seccion1_titulo`, `seccion1_contenido`, `seccion2_titulo`, `seccion2_contenido`, `programa_pdf_path`, `zoom_link`, `link_publicaciones`, `archivo_presentaciones_path`, `zoom_checkin_abierto`, `max_participantes`, `max_invitados`, `campos_fijos_config`, `logo_path`, `logo_secundario_path`, `fecha_inicio`, `fecha_fin`, `es_visible`, `registro_abierto`, `created_at`, `updated_at`) VALUES
	(1, 'Congreso de prueba 1', 'prueba1', 'congreso de prueba', 'Congreso por las pruebas', 'subtitulo', 'hero_imagenes/JX9TBtwaa7TYk76vmFeRrRaNXIGFTUu5GghMasSv.jpg', NULL, 1, 1, 'Congreso de prueba', 'Esta es la seccion que nos va a decir de que se trata el congreso, para y porque\r\n¡Es cierto! Nervioso, muy, muy terriblemente nervioso había estado y estoy; pero ¿por qué dirán que estoy loco? La enfermedad había agudizado mis sentidos, no los había destruido ni embotado. Sobre todo tenía el oído muy fino. Oía todas las cosas del cielo y de la tierra. Oía muchas cosas en el infierno. ¿Cómo, pues, he de estar loco?\r\n\r\n¡Escuchen! y observen con cuánta salud, con cuánta calma puedo contarles toda la historia. Me costó una hora entera introducir la cabeza por la abertura para poder verle acostado en su cama. ¡Ah! ¿no habría quien, al contemplar con qué cuidado lo hice, con qué precaución, con qué previsión, no habría dicho que estaba loco?\r\n\r\nSu ojo era como el de un buitre: un ojo azul pálido, con una película encima. Cada vez que lo miraba, se me helaba la sangre. Poco a poco se fue apoderando de mí la idea, y finalmente, la concebí: debía librarme de aquel ojo para siempre.', 'esta es otra seccion que nos va a dar informacion adicional', 'Era el mejor de los tiempos, era el peor de los tiempos, era la edad de la sabiduría, era la edad de la necedad, era la época de la fe, era la época de la incredulidad, era la estación de la Luz, era la estación de las Tinieblas, era la primavera de la esperanza, era el invierno de la desesperación.\r\n\r\nUn vasto número de personas en Inglaterra y Francia consideraban que las cosas establecidas para siempre jamás seguirían tal como eran, mientras que otros, con igual firmeza, creían que no se mantenían más que por un milagro. En ambos países, los gobiernos eran temidos y los gobernantes estaban lejos de la comprensión del pueblo.\r\n\r\nMientras tanto, en las casas humildes y en los palacios, los hombres y las mujeres tejían los hilos del destino que pronto habrían de entrelazarse con violencia. Los signos del cambio estaban en el aire, aunque pocos podían leerlos con claridad.', 'programas/kWEdtuB7Q6yxmk0U1AwIErCJ5IuXvfCk4ggcF2rJ.pdf', NULL, NULL, NULL, 0, NULL, NULL, NULL, 'logos_congresos/DlCoFYBRURPmglnXr9XxZEv77Vg7DRlhnLy7bIvS.jpg', NULL, '2025-10-21 15:00:00', '2025-10-24 20:00:00', 0, 0, '2025-10-21 03:47:52', '2026-03-09 19:34:23'),
	(2, 'Congreso de prueba', 'prueba2', 'congreso de prueba', NULL, NULL, NULL, NULL, 1, 1, NULL, NULL, NULL, NULL, NULL, NULL, NULL, NULL, 0, NULL, NULL, NULL, NULL, NULL, '2025-10-21 15:00:00', '2025-10-24 20:00:00', 0, 0, '2025-10-21 03:48:07', '2025-10-22 01:45:08'),
	(3, 'Congreso Nacional por la Honestidad', 'Honestidad', 'Espacio de diálogo y reflexión para promover la transparencia, la ética pública y la rendición de cuentas en México.', 'Congreso Nacional por la Honestidad', NULL, 'hero_imagenes/quuTjuwr2J3AfjucT8dkTqSd55LGxMbRpeb0tEHH.jpg', 'hero_imagenes_mobile/QJ6wyHxwVvpXpn7i5KIsy4rrZ3cGeg1SHE7GMgZk.png', 0, 0, 'Por un Zacatecas Honesto', 'Este encuentro reunirá a especialistas, servidores públicos, académicos y ciudadanos comprometidos con la integridad, la transparencia y la justicia.\r\nSu participación será fundamental para seguir construyendo un país basado en la verdad, la ética y el respeto.', 'Palacio de Convenciones, Zacatecas, Zac.', 'El amor del pueblo se paga con un gobierno honesto', NULL, NULL, 'https://funcionpublica.zacatecas.gob.mx/publicaciones', 'presentaciones_congreso/FnTYMP6C08AQ8zlAt7SrEIygsVizWDjqvkTsyBHo.zip', 0, NULL, NULL, NULL, 'logos_congresos/6EmXlW85apegkcYqaRwHjWRbReuao1WjA2pR5z7b.png', NULL, '2025-11-13 10:30:00', '2025-11-21 21:00:00', 0, 0, '2025-10-23 00:09:18', '2026-03-09 19:34:53'),
	(4, '1er Encuentro Nacional de Autoridades Resolutoras en Materia Administrativa', 'ENARMA', NULL, NULL, NULL, 'hero_imagenes/cLs1zF4cHKGdDv5aFQPD3NQnHs8cGsqgm9NYcxDY.jpg', 'hero_imagenes_mobile/QqGGIAIl4i8PVeRp8R4oU3LyC2yRYYM7tVOKoPvD.jpg', 0, 0, 'Objetivo y población objetivo', '<p><strong>Objetivo:</strong></p>\r\n<p>El fortalecimiento del combate a la corrupci&oacute;n y la impunidad mediante la unificaci&oacute;n de criterios jur&iacute;dicos y el intercambio de mejores pr&aacute;cticas en la aplicaci&oacute;n de la Ley General de Responsabilidades Administrativas, para evitar interpretaciones contradictorias sobre qu&eacute; constituye una falta administrativa grave o no grave y eso garantizar&aacute; que los procedimientos de sanci&oacute;n se realicen bajo los mismos est&aacute;ndares de legalidad en todo el pa&iacute;s.</p>\r\n<p><strong>Dirigido a:</strong></p>\r\n<p>Los actores directos del proceso legal y los &oacute;rganos de vigilancia, de acuerdo con el marco de la Ley General de Responsabilidades Administrativas. A las Autoridades Resolutoras, Autoridades del Sistema Nacional Anticorrupci&oacute;n (SNA), Actores del Procedimiento Administrativo y a los Servidores P&uacute;blicos en general.</p>', NULL, NULL, NULL, NULL, NULL, NULL, 0, NULL, NULL, '[{"clave": "nombres", "orden": 0, "visible": true, "etiqueta": "Nombre(s)", "bloqueado": true, "requerido": true, "descripcion": "Nombre o nombres del participante."}, {"clave": "primer_apellido", "orden": 1, "visible": true, "etiqueta": "Primer Apellido", "bloqueado": true, "requerido": true, "descripcion": "Apellido paterno."}, {"clave": "segundo_apellido", "orden": 2, "visible": true, "etiqueta": "Segundo Apellido", "bloqueado": false, "requerido": true, "descripcion": "Apellido materno del participante."}, {"clave": "curp", "orden": 3, "visible": true, "etiqueta": "CURP", "bloqueado": false, "requerido": false, "descripcion": "18 caracteres, se valida el formato."}, {"clave": "rango_edad", "orden": 4, "visible": false, "etiqueta": "Rango de Edad", "bloqueado": false, "requerido": false, "descripcion": "Rangos: menos 18, 18-25, 26-35, 36-50, 51+."}, {"clave": "email", "orden": 5, "visible": true, "etiqueta": "Correo Electrónico", "bloqueado": true, "requerido": true, "descripcion": "Correo electrónico del participante."}, {"clave": "estado_id", "orden": 6, "visible": true, "etiqueta": "Estado", "bloqueado": true, "requerido": true, "descripcion": "Estado de la República."}, {"clave": "municipio_id", "orden": 7, "visible": true, "etiqueta": "Municipio", "bloqueado": true, "requerido": true, "descripcion": "Municipio del estado seleccionado."}, {"clave": "sector_id", "orden": 8, "visible": false, "etiqueta": "Sector y Dependencia", "bloqueado": false, "requerido": false, "descripcion": "Sector del participante + dependencia."}, {"clave": "telefono", "orden": 9, "visible": true, "etiqueta": "Teléfono", "bloqueado": true, "requerido": true, "descripcion": "Número de teléfono a 10 dígitos."}, {"clave": "fecha_nacimiento", "orden": 10, "visible": false, "etiqueta": "Fecha de Nacimiento", "bloqueado": false, "requerido": false, "descripcion": "Selector de fecha."}, {"clave": "genero", "orden": 11, "visible": false, "etiqueta": "Género", "bloqueado": false, "requerido": false, "descripcion": "Masculino / Femenino / Prefiero no decir."}, {"clave": "cargo", "orden": 12, "visible": false, "etiqueta": "Cargo / Puesto", "bloqueado": false, "requerido": false, "descripcion": "Cargo o puesto del participante."}]', NULL, NULL, '2026-03-09 14:04:00', '2026-03-29 14:04:00', 1, 1, '2026-03-09 20:04:47', '2026-03-18 18:47:03'),
	(5, 'congreso formulario', 'form', '<p><strong>esto es para ver</strong> si si cambia</p>', 'esto es', '<p><span style="text-decoration: underline;">el</span><br><em>hero</em></p>', NULL, NULL, 1, 0, NULL, NULL, NULL, NULL, NULL, NULL, NULL, NULL, 0, NULL, NULL, '[{"clave": "segundo_apellido", "icono": "👤", "orden": 0, "visible": true, "etiqueta": "Segundo Apellido", "requerido": false, "descripcion": "Apellido materno del participante."}, {"clave": "curp", "icono": "🪪", "orden": 1, "visible": true, "etiqueta": "CURP", "requerido": false, "descripcion": "18 caracteres, se valida el formato."}, {"clave": "sector_id", "icono": "🏛️", "orden": 2, "visible": true, "etiqueta": "Sector y Dependencia", "requerido": false, "descripcion": "Sector del participante + dependencia."}, {"clave": "cargo", "icono": "💼", "orden": 3, "visible": true, "etiqueta": "Cargo / Puesto", "requerido": false, "descripcion": "Cargo o puesto del participante."}, {"clave": "rango_edad", "icono": "🎂", "orden": 4, "visible": false, "etiqueta": "Rango de Edad", "requerido": false, "descripcion": "Desplegable con rangos: 18-25, 26-35, 36-50, 51+."}, {"clave": "fecha_nacimiento", "icono": "📅", "orden": 5, "visible": false, "etiqueta": "Fecha de Nacimiento", "requerido": false, "descripcion": "Selector de fecha."}, {"clave": "genero", "icono": "🧑", "orden": 6, "visible": false, "etiqueta": "Género", "requerido": false, "descripcion": "Masculino / Femenino / Prefiero no decir."}]', NULL, NULL, '2026-03-10 12:43:00', '2026-03-11 12:43:00', 1, 1, '2026-03-10 18:43:11', '2026-03-10 20:10:59');

-- Volcando datos para la tabla congreso.congreso_secciones: ~3 rows (aproximadamente)
INSERT INTO `congreso_secciones` (`id`, `congreso_id`, `slug`, `titulo`, `subtitulo`, `tipo`, `contenido`, `color_fondo`, `color_texto`, `imagen_fondo`, `layout`, `mapa_lat`, `mapa_lng`, `mapa_zoom`, `mapa_embed_url`, `mapa_direccion`, `video_url`, `imagen`, `activo`, `orden`, `mostrar_en_nav`, `icono_nav`, `created_at`, `updated_at`) VALUES
	(1, 4, 'ubicacion', 'Ubicacion de la Sede del 1er Encuentro', NULL, 'mapa', NULL, '#ffffff', '#000000', NULL, 'full', NULL, NULL, 15, 'https://www.google.com/maps/embed?pb=!1m18!1m12!1m3!1d1093.6396206584143!2d-102.57068514384306!3d22.782055260901632!2m3!1f0!2f0!3f0!3m2!1i1024!2i768!4f13.1!3m3!1m2!1s0x86824e83de260a7b%3A0x9882a42cfd44dfac!2sMuseo%20Rafael%20Coronel!5e0!3m2!1sen!2smx!4v1773352966669!5m2!1sen!2smx', 'Ex convento de San Francisco s/n, Zacatecas Centro, 98000', NULL, NULL, 1, 0, 1, NULL, '2026-03-12 21:59:05', '2026-03-12 22:04:28'),
	(3, 4, 'hoteles', 'Hoteles Recomendados', NULL, 'texto', '<div class="max-w-5xl mx-auto my-12 p-8 bg-white border border-gray-100 rounded-xl shadow-sm">\r\n<div class="mb-10 text-gray-800 leading-relaxed border-b border-gray-100 pb-8">\r\n<h2 class="text-2xl font-semibold text-gray-900 mb-4">Servicios de Alojamiento</h2>\r\n<p class="text-lg">Con el objetivo de facilitar su estancia durante el desarrollo de este Congreso, hacemos de su conocimiento las opciones de hospedaje recomendadas en el Centro Hist&oacute;rico de la Ciudad de Zacatecas.</p>\r\n<p class="mt-4 text-gray-600">A continuaci&oacute;n, se detallan los establecimientos que cuentan con convenios vigentes, ofreciendo tarifas preferenciales para los asistentes y personal adscrito a las instituciones convocantes. Se sugiere realizar su reservaci&oacute;n con antelaci&oacute;n mencionando el convenio correspondiente.</p>\r\n</div>\r\n<div class="grid md:grid-cols-2 gap-8">\r\n<div class="p-6 rounded-lg border border-gray-200 bg-gray-50/50 hover:bg-white hover:shadow-md transition duration-300">\r\n<h3 class="text-xl font-bold text-gray-800 mb-4 border-l-4 border-indigo-600 pl-3">Hotel Emporio</h3>\r\n<div class="space-y-3 text-sm text-gray-700"><img src="https://lh3.googleusercontent.com/p/AF1QipM1H2M-O2Jxe70K3K2xjJNhS-BchhqPSF2KHZBc=w243-h203-n-k-no-nu" alt="Foto" style="display: block; margin-left: auto; margin-right: auto;">\r\n<p><span class="font-semibold text-gray-900">Ubicaci&oacute;n:</span> Av. Hidalgo 703,&nbsp;</p>\r\n<p>Zacatecas Centro, C.P. 98000, Zacatecas, Zac.</p>\r\n<p><span class="font-semibold text-gray-900">Contacto Ventas:</span> 492 925 6500</p>\r\n<div class="mt-4 p-3 bg-white border border-gray-200 rounded text-xs leading-snug"><span class="text-indigo-700 font-bold uppercase tracking-wider block mb-1">Nota de Tarifa:</span> Convenio vigente con la Secretar&iacute;a de la Funci&oacute;n P&uacute;blica del Estado de Zacatecas.</div>\r\n</div>\r\n</div>\r\n<div class="p-6 rounded-lg border border-gray-200 bg-gray-50/50 hover:bg-white hover:shadow-md transition duration-300">\r\n<h3 class="text-xl font-bold text-gray-800 mb-4 border-l-4 border-indigo-600 pl-3">Hotel del Arte Santa Rita</h3>\r\n<p><img src="https://lh3.googleusercontent.com/p/AF1QipMqKqY6nC0Np58p7eNBQURUB2AqL6gBN90sOGLk=w243-h174-n-k-no-nu" alt="Foto" style="display: block; margin-left: auto; margin-right: auto;"></p>\r\n<div class="space-y-3 text-sm text-gray-700">\r\n<p><span class="font-semibold text-gray-900">Ubicaci&oacute;n:</span> Av. Hidalgo 507, Zacatecas Centro, C.P. 98000, Zacatecas, Zac.</p>\r\n<p><span class="font-semibold text-gray-900">Contacto Ventas:</span> 800 560 8155</p>\r\n<div class="mt-4 p-3 bg-white border border-gray-200 rounded text-xs leading-snug"><span class="text-indigo-700 font-bold uppercase tracking-wider block mb-1">Nota de Tarifa:</span> Convenio vigente con el Gobierno del Estado de Zacatecas.</div>\r\n</div>\r\n</div>\r\n</div>\r\n</div>', '#dad8d8', '#000000', NULL, 'full', NULL, NULL, 15, NULL, NULL, NULL, NULL, 1, 0, 0, NULL, '2026-03-18 19:17:17', '2026-03-18 19:17:17');

-- Volcando datos para la tabla congreso.form_campos: ~17 rows (aproximadamente)
INSERT INTO `form_campos` (`id`, `congreso_id`, `categoria_id`, `nombre`, `etiqueta`, `tipo`, `placeholder`, `ayuda`, `requerido`, `orden`, `activo`, `campo_condicional_id`, `grupo_padre_id`, `valor_condicional`, `es_grupo_repetible`, `max_repeticiones`, `created_at`, `updated_at`) VALUES
	(1, 4, NULL, 'rfc_WelQ', 'RFC', 'text', 'RFC con Homoclave', NULL, 0, 0, 1, NULL, NULL, NULL, 0, NULL, '2026-03-09 22:01:12', '2026-03-18 19:20:12'),
	(2, 4, NULL, 'curp_gX2M', 'CURP', 'text', 'Especificar CURP', NULL, 0, 1, 1, NULL, NULL, NULL, 0, NULL, '2026-03-09 22:01:34', '2026-03-18 19:20:12'),
	(3, 4, NULL, 'institucion-a-la-que-pertenece_dSOQ', 'Institución a la que pertenece', 'text', 'Indique la institución de la que proviene', NULL, 0, 2, 1, NULL, NULL, NULL, 0, NULL, '2026-03-09 22:02:02', '2026-03-18 19:20:12'),
	(4, 4, NULL, 'cargo-en-la-institucion_eU9P', 'Cargo en la institucion', 'text', NULL, NULL, 0, 3, 1, NULL, NULL, NULL, 0, NULL, '2026-03-09 22:02:18', '2026-03-18 19:20:12'),
	(5, 4, 2, 'cargo-en-la-cpce-f_8HH5', 'Cargo en la CPCE-F', 'text', 'En caso de aplicar, indicar su cargo en la cpfe-f', NULL, 0, 4, 1, 7, NULL, '2', 0, NULL, '2026-03-09 22:04:07', '2026-03-18 19:20:12'),
	(7, 4, NULL, 'tipo-de-participante_aS8s', 'Tipo de participante', 'select', NULL, NULL, 1, 5, 1, NULL, NULL, NULL, 0, NULL, '2026-03-09 22:06:04', '2026-03-18 19:20:12'),
	(8, 4, 2, 'detalle-de-alergias-o-restricciones-en-caso-de-aplicar_1hxi', 'Detalle de alergias o restricciones  (en caso de aplicar)', 'text', 'Describa ingredientes y/o medicamentos específicos a evitar', 'Describa ingredientes y/o medicamentos específicos a evitar, severidad, indicaciones médicas o la información que considere importante a considerar.', 0, 10, 1, NULL, NULL, 'Si', 0, NULL, '2026-03-09 22:08:07', '2026-03-18 19:20:12'),
	(9, 4, 3, 'forma-de-llegada_lNPK', 'Forma de llegada', 'radio', NULL, 'Especifique su forma de llegada', 0, 11, 1, 7, NULL, '2', 0, NULL, '2026-03-09 22:09:32', '2026-03-18 19:20:12'),
	(10, 4, 3, 'fecha-de-llegada-a-zacatecas_llNW', 'Fecha de llegada a Zacatecas', 'date', NULL, 'Indique lat fecha en que llegara a la Ciudad de Zacatecas', 0, 12, 1, 7, NULL, '2', 0, NULL, '2026-03-09 22:10:27', '2026-03-18 19:20:12'),
	(11, 4, 3, 'fecha-de-salida-de-zacatecas_PgOl', 'Fecha de Salida de Zacatecas', 'date', NULL, 'Indique la fecha en que saldrá de  la Ciudad de Zacatecas', 0, 13, 1, 7, NULL, '2', 0, NULL, '2026-03-09 22:11:05', '2026-03-18 19:20:12'),
	(12, 4, 3, 'asiste-con-acompanantes_tgQQ', '¿Asiste con acompañantes?', 'radio', NULL, 'Indicar si acude al encuentro con acompañantes', 0, 14, 1, 7, NULL, '2', 0, NULL, '2026-03-09 22:12:19', '2026-03-18 19:20:12'),
	(13, 4, 3, 'nombre-del-acompanante_47Lw', 'Nombre del acompañante', 'text', NULL, 'Indique el nombre del acompañante', 0, 16, 1, 17, NULL, NULL, 0, NULL, '2026-03-09 22:13:00', '2026-03-18 19:20:12'),
	(16, 4, 3, 'numero-de-contacto-del-acompanante_6Xxs', 'Número de contacto del acompañante', 'phone', NULL, 'Por favor, indique un número de contacto de su acompañante', 0, 17, 1, 17, NULL, NULL, 0, NULL, '2026-03-09 22:14:56', '2026-03-18 19:20:12'),
	(17, 4, 3, 'numero-de-acompanantes_XIaZ', 'Número de Acompañantes', 'number', NULL, NULL, 0, 15, 1, 12, NULL, '1', 1, NULL, '2026-03-13 20:09:48', '2026-03-18 19:20:12'),
	(19, 4, 2, 'detalle-alergias_HHmn', 'detalle_alergias', 'textarea', NULL, NULL, 0, 6, 1, NULL, NULL, 'Si', 0, NULL, '2026-03-17 18:38:10', '2026-03-18 19:20:12'),
	(20, 4, NULL, 'tiene-algun-padecimiento-requerimiento-de-accesibilidad-especial-alergias-restriccion-medica-o-de-alimentos-que-requiera-algun-tratamiento-especial-durante-su-estancia_daxe', '-¿Tiene algún padecimiento, requerimiento de accesibilidad especial, alergias, restricción médica o de alimentos que requiera algún tratamiento especial durante su estancia?', 'radio', NULL, 'Requerimientos especiales', 0, 8, 1, 7, NULL, '2', 0, NULL, '2026-03-18 19:18:43', '2026-03-18 19:20:12'),
	(21, 4, NULL, 'favor-de-describirlas_5UWy', 'Detalle de alergias o restricciones  (en caso de aplicar)', 'textarea', NULL, NULL, 0, 9, 1, 20, NULL, '1', 0, NULL, '2026-03-18 19:20:00', '2026-03-18 19:21:07');

-- Volcando datos para la tabla congreso.form_campo_opciones: ~8 rows (aproximadamente)
INSERT INTO `form_campo_opciones` (`id`, `campo_id`, `valor`, `etiqueta`, `orden`, `created_at`, `updated_at`) VALUES
	(3, 7, '1', 'Participante', 0, '2026-03-09 22:06:04', '2026-03-09 22:06:04'),
	(4, 7, '2', 'Autoridad', 1, '2026-03-09 22:06:04', '2026-03-09 22:06:04'),
	(5, 9, 'aereo', 'Aérea', 0, '2026-03-09 22:09:32', '2026-03-09 22:09:32'),
	(6, 9, 'terrestre', 'Terrestre', 1, '2026-03-09 22:09:32', '2026-03-09 22:09:32'),
	(7, 12, '1', 'Si', 0, '2026-03-09 22:12:19', '2026-03-09 22:12:19'),
	(8, 12, '0', 'No', 1, '2026-03-09 22:12:19', '2026-03-09 22:12:19'),
	(9, 20, '1', 'Si', 0, '2026-03-18 19:18:43', '2026-03-18 19:18:43'),
	(10, 20, '0', 'No', 1, '2026-03-18 19:18:43', '2026-03-18 19:18:43');

-- Volcando datos para la tabla congreso.form_categorias: ~2 rows (aproximadamente)
INSERT INTO `form_categorias` (`id`, `congreso_id`, `nombre`, `descripcion`, `orden`, `activo`, `created_at`, `updated_at`) VALUES
	(1, 4, 'Participante en General', NULL, 0, 1, '2026-03-09 22:03:03', '2026-03-09 22:03:03'),
	(2, 4, 'Autoridades Resolutoras en Materia Administrativa', NULL, 0, 1, '2026-03-09 22:03:24', '2026-03-09 22:03:24'),
	(3, 4, 'Traslados', NULL, 2, 1, '2026-03-09 22:08:32', '2026-03-09 22:08:32');

-- Volcando datos para la tabla congreso.registro_campo_valores: ~26 rows (aproximadamente)
INSERT INTO `registro_campo_valores` (`id`, `registro_id`, `campo_id`, `valor`, `valor_json`, `indice_repeticion`, `created_at`, `updated_at`) VALUES
	(1, 12, 1, 'grdedvsgr', NULL, 0, '2026-03-10 21:59:57', '2026-03-10 21:59:57'),
	(2, 12, 2, 'gferdgfg', NULL, 0, '2026-03-10 21:59:59', '2026-03-10 21:59:59'),
	(3, 12, 3, 'sdfzfrg', NULL, 0, '2026-03-10 21:59:59', '2026-03-10 21:59:59'),
	(4, 12, 4, 'rfge', NULL, 0, '2026-03-10 21:59:59', '2026-03-10 21:59:59'),
	(5, 12, 7, '2', NULL, 0, '2026-03-10 21:59:59', '2026-03-10 21:59:59'),
	(6, 12, 5, 'rfwgvres', NULL, 0, '2026-03-10 21:59:59', '2026-03-10 21:59:59'),
	(8, 12, 8, 'nhrmñkjlpohiguy6t5rewsadfbg', NULL, 0, '2026-03-10 21:59:59', '2026-03-10 21:59:59'),
	(9, 12, 9, 'aereo', NULL, 0, '2026-03-10 21:59:59', '2026-03-10 21:59:59'),
	(10, 12, 10, '2026-03-11', NULL, 0, '2026-03-10 21:59:59', '2026-03-10 21:59:59'),
	(11, 12, 11, '2026-03-16', NULL, 0, '2026-03-10 21:59:59', '2026-03-10 21:59:59'),
	(12, 12, 12, '1', NULL, 0, '2026-03-10 21:59:59', '2026-03-10 21:59:59'),
	(13, 12, 13, 'fwedweq', NULL, 0, '2026-03-10 21:59:59', '2026-03-10 21:59:59'),
	(15, 12, 16, 'fcwsdcszd', NULL, 0, '2026-03-10 21:59:59', '2026-03-10 21:59:59'),
	(16, 13, 1, NULL, '"[{\\"13\\":\\"ACOMPA\\\\u00d1ANTE 2\\",\\"16\\":\\"334749482728\\"}]"', 0, '2026-03-14 06:40:38', '2026-03-14 06:40:38'),
	(17, 13, 2, 'GUAG840815MASLLB06', NULL, 0, '2026-03-14 06:40:38', '2026-03-14 06:40:38'),
	(18, 13, 3, 'SECRETARIA DE LA CONTRALORIA', NULL, 0, '2026-03-14 06:40:38', '2026-03-14 06:40:38'),
	(19, 13, 4, 'DESARROLLADORA', NULL, 0, '2026-03-14 06:40:38', '2026-03-14 06:40:38'),
	(20, 13, 7, '2', NULL, 0, '2026-03-14 06:40:38', '2026-03-14 06:40:38'),
	(21, 13, 5, 'AYUDANTE', NULL, 0, '2026-03-14 06:40:38', '2026-03-14 06:40:38'),
	(23, 13, 9, 'AEREO', NULL, 0, '2026-03-14 06:40:38', '2026-03-14 06:40:38'),
	(24, 13, 10, '2026-03-14', NULL, 0, '2026-03-14 06:40:38', '2026-03-14 06:40:38'),
	(25, 13, 11, '2026-03-16', NULL, 0, '2026-03-14 06:40:38', '2026-03-14 06:40:38'),
	(26, 13, 12, '1', NULL, 0, '2026-03-14 06:40:38', '2026-03-14 06:40:38'),
	(27, 13, 17, NULL, '"[{\\"13\\":\\"ACOMPA\\\\u00d1ANTE 1\\",\\"16\\":\\"49222429392\\"}]"', 0, '2026-03-14 06:40:38', '2026-03-14 06:40:38');

/*!40103 SET TIME_ZONE=IFNULL(@OLD_TIME_ZONE, 'system') */;
/*!40101 SET SQL_MODE=IFNULL(@OLD_SQL_MODE, '') */;
/*!40014 SET FOREIGN_KEY_CHECKS=IFNULL(@OLD_FOREIGN_KEY_CHECKS, 1) */;
/*!40101 SET CHARACTER_SET_CLIENT=@OLD_CHARACTER_SET_CLIENT */;
/*!40111 SET SQL_NOTES=IFNULL(@OLD_SQL_NOTES, 1) */;
